2*u = d. List the prime factors of o.
2, 421
Let n(s) = -s**3 + 5*s**2 + 149*s + 813. List the prime factors of n(-43).
2, 41579
List the prime factors of (0 - 6/(-27))/(119/489447).
2, 457
Let q = -153 + 132. List the prime factors of (-4047)/(-9) - (-3 - 77/q).
449
Suppose 52 = 34*u - 186. Suppose 2092 = 9*t - u*t. List the prime factors of t.
2, 523
Suppose 4*m = 7*m - 12. Suppose 0 = -m*n - 4*j + 916, 0 = n - 3*n - 5*j + 449. List the prime factors of n.
2, 29
Suppose 0 = 3*j + 5*b - 27520, -3*j = -0*j + b - 27500. Suppose 10*v - j = -5*v. List the prime factors of v.
13, 47
Let y = 1149 + -680. Suppose 953 = 7*d - 3*d + 3*g, -y = -2*d + g. List the prime factors of d.
2, 59
Let w be 1*-55 - (0 + 5)/5. Let v = w - -63. List the prime factors of (2 - v)/(2/(-28)).
2, 5, 7
Let c be 330 - 24/(-4) - (-1)/1. Suppose -3*i = s - 164, 2*s - 3*i - c = -0*i. List the prime factors of s.
167
Suppose -58 = -y + 102. Suppose 172 = -2*p - y. List the prime factors of (-3)/(5/(400/p) - -2).
2, 5
Suppose 0 = 27*k + 46382 - 193613. What are the prime factors of k?
7, 19, 41
Let u(y) = -8*y - 76. Let i be u(-10). Suppose 1641 = 3*d + 2*t, -d = -i*t + 2*t - 539. What are the prime factors of d?
5, 109
Let t be 2/(-1)*(9/(-2) - -3). Suppose -4*u + s - 2*s = -444, -3*u - t*s + 342 = 0. Let p = -10 + u. List the prime factors of p.
2, 5
Let b(j) = 9*j**2 + 26*j - 97. Let o(a) = 5*a**2 + 13*a - 47. Let g(r) = -6*b(r) + 11*o(r). List the prime factors of g(15).
5, 19
Suppose 8*c + 1870 = 13*c. Let b = 589 - c. Suppose 3*n - 314 = 4*s, 2*s = -2*n - s + b. What are the prime factors of n?
2, 53
Suppose 0 = -l - 5*u + 943 + 2302, 2*l = -11*u + 6489. What are the prime factors of l?
2, 5, 13
Suppose 2*k = 8, -k = -g - 841 + 6229. What are the prime factors of g?
2, 337
Suppose 2*m = 35*j - 30*j - 42726, m - 7 = 0. List the prime factors of j.
2, 2137
Let n(l) = -l**3 + l**2 + l + 3. Let k be 0/(8*4*2/16). Let y be n(k). Suppose -w + 417 = 3*a, y*w = -5*a + w + 694. What are the prime factors of a?
2, 5, 7
Suppose -35*h + 70*h + 47920 = 39*h. What are the prime factors of h?
2, 5, 599
What are the prime factors of 6 - 3 - (-7)/((-70)/(-60240))?
3, 7, 41
Suppose 3*d - 2*v = -8, -7 = -5*d + v - 11. Suppose 3*f - 4*p - 3768 = 0, -49*f + 50*f + 3*p - 1269 = d. What are the prime factors of f?
2, 3, 5, 7
Let q(p) = -p**3 + 7*p**2 - 10*p + 14. Let u be q(6). Let c be (62/u - -5)/(1/(-15)). Suppose 288 = c*x - 12*x. What are the prime factors of x?
2, 3
Suppose 3*h + 42*n = 44*n + 16, -17 = 4*h + 5*n. Suppose -5*y = -2*l - h*y + 739, l = -4*y + 397. List the prime factors of l.
13, 29
Suppose 4095 = 2*r - b, 0*b = -r - 5*b + 2053. Suppose -4*f - d + 3*d + r = 0, -3*f = d - 1526. What are the prime factors of f?
2, 3, 5, 17
Let u = -62 - -112. Let j be (259 - (-1)/(-1))*u/(-100). Let q = j + 153. List the prime factors of q.
2, 3
Let v(l) = -l**3 + 3*l**2 - 21*l + 245. List the prime factors of v(-26).
5, 4079
Let b be (54/45)/((-2)/(-5)). Let c(v) = -b*v**2 + 10*v + 4*v**2 + 2*v**2 - 10. What are the prime factors of c(3)?
47
Suppose -2*h + 0*h = -896. Let y = h + -224. List the prime factors of y.
2, 7
Let p = -5912 - -8782. What are the prime factors of p?
2, 5, 7, 41
Suppose -61 - 216 = t. Let d = -35 - t. Suppose -s = -5*a + 361 + 244, -2*a = -4*s - d. List the prime factors of a.
11
Let m = -1842 + 16061. List the prime factors of m.
59, 241
Let t(l) = -14*l - 3. Let g be (-4 - 18/(-4))*-2. Let w be t(g). Let f(y) = 2*y**2 - 22*y + 11. List the prime factors of f(w).
11
Suppose f + 5 = 3*i - 7, -2*f - 21 = -5*i. Let v(g) = 90*g - 21. Let q(r) = -60*r + 14. Let u(h) = 7*q(h) + 5*v(h). What are the prime factors of u(i)?
83
Suppose -9*h = -h - 5*h - 86232. What are the prime factors of h?
2, 3593
Let b be 1/((-2)/7*2/(-4)). Let d(h) = h**3 - 7*h**2 - 6*h - 1. Let x be d(b). Let q = x - -75. List the prime factors of q.
2
Suppose 3736 + 995 = 3*q. Let s = q - 404. List the prime factors of s.
3, 17, 23
Suppose -308 + 278 = -6*h. Suppose -475 = -2*c + 5*n, -h*c - 8*n + 4*n + 1138 = 0. What are the prime factors of c?
2, 5, 23
Let m = 9070 - 4489. What are the prime factors of m?
3, 509
Suppose -981 = -4*x - 269. List the prime factors of x.
2, 89
Let w(f) = -17*f + 17 - 13*f - 36*f + 85*f - f**2. List the prime factors of w(9).
107
Let f(l) = l**3 + 6*l**2 + 4*l. Let o be f(-5). Suppose -o*q = 4*r - 186, -4*q + 72 = -2*q + r. List the prime factors of q.
2, 17
Suppose 14*p - 2*p - 72 = 0. Suppose -206 = -2*x + 3*k, 4*x - p*k + 3*k = 418. What are the prime factors of x?
2, 53
Let d(z) = 18*z**2 + 44*z - 331. List the prime factors of d(13).
7, 67
Let k be (9/12 - 1491/(-28)) + 3. Let z be 6 + -2 + (-10)/5. Suppose -z*o = -5 - k. What are the prime factors of o?
31
Let x(p) = -3*p + 11. Let z be x(3). Let j(u) = -2 + u**3 + u**2 + 5 - 4*u + 2*u**3 - 2*u. What are the prime factors of j(z)?
19
Let q(w) = 670*w**2 + 15*w - 25. Let i = -99 - -92. Let c(k) = 447*k**2 + 10*k - 17. Let v(m) = i*c(m) + 5*q(m). What are the prime factors of v(1)?
2, 5, 11
Let p(q) = q**3 + 23*q**2 + 42*q - 12. Let m be p(-21). Let f be -4 + 1*(-4)/m*0. What are the prime factors of 2*(-4)/f*502/4?
251
Suppose -4*n = 4 - 0. What are the prime factors of (2 - (n + 1))*18935/70?
541
List the prime factors of (-2 - (-10287)/12) + (12 - (-784)/(-64)).
3, 5, 19
Let z(c) = 252*c**3 - 13*c + 21. List the prime factors of z(2).
2011
Let v = -8336 - -12833. List the prime factors of v.
3, 1499
Let j(q) = 21*q**2 - 15*q - 37. Let d be j(-7). Suppose 0 = 5*a - 1128 - d. What are the prime factors of a?
5, 89
Suppose 0 = -4*s - 24*j + 21*j + 1737, -s + 2*j = -426. What are the prime factors of (-2)/(-27) + 27616/s?
2
Suppose 30334 = 5*l - 4*t, 2*l + 0*t - 12160 = -5*t. List the prime factors of l/8 - 57/76.
2, 379
Suppose p - 1 = -3, -2*u + 4*p = -12. Suppose 3*f + 13 = 3*k - 2, -3*k + 4*f = -17. Suppose 259 = 2*v + 3*w, v - k*v + 260 = u*w. List the prime factors of v.
131
Suppose -3*j = -4*j. Suppose j = -5*c + 15, c + 73 = -4*f + 4*c. List the prime factors of (-24)/(-9)*(-1332)/f*1.
2, 3, 37
List the prime factors of 6967 - (0 + 0/7).
6967
Let y = -276 + 560. Suppose -3*c + 322 = -5*w - 700, 5*w = c - 1014. Let a = w + y. List the prime factors of a.
2, 41
Let o = -84 - -192. Suppose -o*u + 408 = -105*u. What are the prime factors of u?
2, 17
Suppose t - 4*t + 2*v + 5 = 0, t - 3*v = -3. Let s = -11839 - -11860. Suppose -t*o - 6 + s = 0. What are the prime factors of o?
5
Suppose 4*w - 605 - 947 = 0. Let y = 718 - w. List the prime factors of y.
2, 3, 5, 11
Let t = -15 - -27. Let f = 15 - t. Suppose -2*a + 311 = f*h, 2*h = 2*a - 94 - 212. What are the prime factors of a?
2, 7, 11
Suppose 32*t = 127437 + 144298 + 26025. What are the prime factors of t?
5, 1861
Let m = 168 - 12. Suppose 3*a - 4*p = -8*p + 481, -a + 3*p = -m. List the prime factors of a.
3, 53
Let k be (-1)/(-7) + 1454/14. Let z = -168 + 316. Let y = z - k. What are the prime factors of y?
2, 11
Let h(f) = f**3 + 6*f**2 - 41*f + 38447. What are the prime factors of h(0)?
38447
Suppose 2*k - 80 = -128. Let g = 1 - 7. What are the prime factors of (-202)/(-4)*g*8/k?
101
Suppose -4*y = -2*t + 11162, 7131 = 3*t + 3*y - 9639. What are the prime factors of t?
37, 151
What are the prime factors of ((-1798)/6)/(((-2)/120)/((-252)/(-105)))?
2, 3, 29, 31
Let l be (-10)/100 + (-54)/60. List the prime factors of 17/(34/(-8)) + (-1183)/l.
3, 131
Let a be 204/(-72) + 22/12 + -2. Let k be (24/(-9) - a)*-9 + 41. Suppose 0 = k*u - 41*u + 255. What are the prime factors of u?
5, 17
Let h(d) = d**3 + 6*d**2 + 14*d - 144. What are the prime factors of h(23)?
3, 7, 739
Suppose 164 = 28*z - 60. Let g = 10 - 12. List the prime factors of g/(-8) - (-86)/z.
11
Suppose -25*u + 876 = -23*u. Let n = 894 - u. List the prime factors of n.
2, 3, 19
Suppose 0 = 66*d - 67*d + 15. List the prime factors of -363*(-10)/d + 0.
2, 11
List the prime factors of ((-24)/(-11) - (4 + (-378)/99))*4643.
2, 4643
Suppose 2025085 - 6510239 = -160*t - 6*t. List the prime factors of t.
41, 659
Let a = 4668 - 2543. List the prime factors of a.
5, 17
Let u = 93 + -92. List the prime factors of (-4)/((-765)/(-775) - u).
2, 5, 31
Let h = 9919 + -3404. What are the prime factors of h?
5, 1303
L